t are the prime factors of (-1 + -17)/(((-21)/24)/7)?
2, 3
Suppose 4*m - 2*a + 17 + 35 = 0, 0 = 5*m + a + 58. What are the prime factors of (9/m)/(1/(-4))?
3
Let x = 46 + -25. Let w = x - -11. What are the prime factors of w?
2
Suppose 93 = 4*h - h. List the prime factors of h.
31
Let q(u) be the third derivative of u**6/60 + u**5/30 - u**4/12 - u**3/3 + 2*u**2. Let c be q(-2). Let w = c + 12. What are the prime factors of w?
2, 3
Suppose -5*m + 285 = -5*n, -5*m + 283 = 2*n - 5*n. List the prime factors of m.
2, 7
Let u = 12 - 0. List the prime factors of (u*(-6)/4)/(-2).
3
Suppose 12 = 5*p - 58. Suppose p = 2*u - 2*z, 5*z = -0*z. List the prime factors of u.
7
Suppose -2*t = -3*t + 50. Suppose -4*m + 2*k - 32 = 14, 5*m - 5*k + t = 0. What are the prime factors of (m/(-3))/(1/3)?
13
Suppose s - 8 = -3*s. Suppose 0*h - 330 = -s*h. What are the prime factors of h/35 - (-4)/14?
5
List the prime factors of (-1)/(-2)*(5 + 3).
2
Let f = 7 - -3. Suppose 46 = 4*a - f. Suppose 4*t = -a + 50. List the prime factors of t.
3
Let p = -23 - -6. Let n be 1*-3 - -2 - p. Suppose -3*l - 1 + n = 0. List the prime factors of l.
5
Suppose -n - 2*s - s - 2 = 0, 2*n = 3*s + 41. Let x = 19 - n. List the prime factors of x.
2, 3
Suppose -5*y = -3*r - 109, -r + 66 = -3*r + 2*y. What are the prime factors of -4*2/(8/r)?
2, 7
Let p(l) be the first derivative of 2*l**2 + 4*l - 2. What are the prime factors of p(2)?
2, 3
Suppose 0 = 4*t - 5*t + 2. What are the prime factors of t?
2
Let k = 32 - 9. Let y = k + -7. Suppose -49 - y = -5*m. List the prime factors of m.
13
Suppose 3 = -4*r - 1. Suppose 27 = 5*x - 23. Let m = r + x. What are the prime factors of m?
3
Suppose 90 = 5*w - 0*w. Let r = -3 + w. What are the prime factors of r?
3, 5
Let j = 82 - 42. Suppose -2*z + j = -2*s, 3*z + s = 2*s + 54. List the prime factors of z.
17
List the prime factors of (6/4)/((-2)/(-116)).
3, 29
Let s be (-76)/3 + 1/3. Let v = 18 + s. Let k(g) = -g**3 - 7*g**2 - 2*g + 2. List the prime factors of k(v).
2
Let u(g) be the first derivative of -7*g**2/2 - 10*g + 2. What are the prime factors of u(-5)?
5
Let q = -88 + 169. List the prime factors of q.
3
Let o(v) = v**2 - v. Let g be o(-1). Suppose -7*l = -g*n - 2*l + 43, -4*n + 71 = -5*l. What are the prime factors of n?
2, 7
Suppose -4*u - 80 = -212. What are the prime factors of u?
3, 11
Let v(q) be the third derivative of 0*q**3 + q**2 + 1/60*q**5 - 1/12*q**4 + 0*q + 0. List the prime factors of v(3).
3
Let o be (-54)/12*2/3. Let y be (-2)/4 + 29/2. List the prime factors of 2/o*(-105)/y.
5
Suppose 3*c - 12 = -3, 0 = -2*w - 5*c + 19. What are the prime factors of w?
2
Suppose 2*r = 3*b + r - 56, -3*b + 62 = -4*r. What are the prime factors of b?
2, 3
Suppose -5*c + 310 = -a, -5*c + 2*a + 36 + 274 = 0. Let r = c - 17. List the prime factors of r.
3, 5
Let n(o) be the second derivative of -o**3/2 + 9*o**2/2 - 5*o. What are the prime factors of n(-7)?
2, 3, 5
Let q be (1/(-3))/(3/9). Let g(y) = 0*y - 2*y - 3*y**2 + 1 - 2 + 4*y**2. What are the prime factors of g(q)?
2
Let k(z) = -z**2 - 11*z + 15. Let x be k(-12). Let i(r) = -r**3 + 3*r**2 + 4*r - 4. What are the prime factors of i(x)?
2
Suppose 2*k + k + 3*q = 15, -q = -2*k + 10. Suppose -2*x + 17 + 63 = 0. Suppose 3*h - 5*g = -0*g + x, h + k*g = 0. What are the prime factors of h?
2, 5
Suppose -13*q + 175 = -8*q. What are the prime factors of q?
5, 7
Let w = -2 + 5. Suppose 10 = 5*q - w*c - 9, 2*q + 2*c + 2 = 0. Suppose -1 = -h + 2, -l + 2*h - q = 0. What are the prime factors of l?
2
Suppose 28 - 4 = 3*q. Suppose h - 3*h + q = 0. Suppose h = 3*k - 4*n - 10, 0 = -k + 3*n + 8. What are the prime factors of k?
2
Let k = -3 + 6. Suppose -d + 20 = 7*c - 4*c, -k*c + 16 = 5*d. Suppose 3*a + 2*r - c*r - 24 = 0, -3*a + 24 = -4*r. List the prime factors of a.
2
Suppose -3*a = -3*j - 174 - 129, a - 89 = -3*j. Suppose -2*k - a = -5*r + k, -4*r - 5*k = -71. What are the prime factors of r?
19
What are the prime factors of (51/(-15))/(4/(-20))?
17
Suppose r - 292 = -0*r. List the prime factors of r.
2, 73
Suppose k = -4*g - 8, 3*g + 10 = -k + 3. What are the prime factors of (-1 - -5)*(-2)/g?
2
Let c(i) = -17*i**2 + i - 3. Let b be c(3). Let k = 223 + b. Suppose 5*u + k = 180. What are the prime factors of u?
2, 11
Let y = 92 - 64. What are the prime factors of y?
2, 7
Suppose -4*b + 59 = -349. What are the prime factors of b?
2, 3, 17
Suppose 2*i - 65 = -3*i. Suppose 5*d - i = -53. Let n(q) = q**2 + 7*q - 3. What are the prime factors of n(d)?
5
Let p(l) = l**3 + 4*l**2 - 3*l + 5. Let o be p(-5). Let x = o + 13. List the prime factors of x.
2
Suppose -27 + 12 = -5*j, -297 = -3*b + 3*j. List the prime factors of b.
2, 3, 17
Let s be (16/6)/((-10)/(-45)). Suppose 5*k - o = 101, -117 = -5*k - 2*o - o. Let i = k - s. What are the prime factors of i?
3
Let u = 15 + -11. Suppose 0 = 4*m - u - 60. What are the prime factors of m?
2
Let m be -1 + 7 + 1 + -1. Suppose m*j - 30 = 3*j. Let f = 16 - j. List the prime factors of f.
2, 3
Suppose 10 = 3*t - 2*n, 5*t - 25 = 5*n - 0. Suppose -5*g = -2*g - r - 11, t = -g - r + 9. List the prime factors of g.
5
Suppose a + 4*n - 87 = 0, -a = -5*n + n - 79. Suppose 3*q - 299 = -a. Suppose 5*s - 3*j = q, -2*j + j - 52 = -4*s. List the prime factors of s.
2, 3
Suppose 2*n = 5*n - 84. List the prime factors of n - (3 + -1)/1.
2, 13
Let o(q) = 0*q**3 - q**3 - 11*q**2 - 8 - 2*q + 2. List the prime factors of o(-11).
2
Suppose -2*n + 9 = -n. Let w = n - 5. What are the prime factors of (-4)/(-16) - (-35)/w?
3
Let d(w) = 10*w - 4. Let f be d(4). Suppose -3*x - 39 - f = 0. What are the prime factors of (x - 8)/((-6)/4)?
2, 11
List the prime factors of (12/9)/((-8)/(-60)).
2, 5
Let k = 5 - 8. Let x be -4 - k/(9/(-6)). Let u = x - -8. List the prime factors of u.
2
Suppose -45 = 5*i - 330. What are the prime factors of i?
3, 19
Suppose -5*f + 2*h - 53 = 0, 0 = -h + 3 + 1. Let b = -4 - f. Suppose 4*i - b = 3. List the prime factors of i.
2
Suppose 9*o - 7*o = 274. What are the prime factors of o?
137
Let g be 8/(-6)*3/2. What are the prime factors of ((-2)/4)/(g/48)?
2, 3
Let y(w) = 2*w**2 + 5*w - 2. Let q(n) = 2*n**3 - n**3 + 0*n**3 + 5*n**2 + 8 - 4*n. Let i be q(-6). What are the prime factors of y(i)?
2, 5
Let c = 79 - 24. What are the prime factors of c?
5, 11
Suppose 0 = 4*t - 0*k - 3*k - 27, 22 = 3*t - 4*k. Suppose t = -j + 22. What are the prime factors of j?
2
Suppose 0 = 3*v - 7 - 2. Let z(g) = -v*g + 3*g + 5*g. What are the prime factors of z(2)?
2, 5
Suppose 2*g = 2*m - 0*g - 244, m - 2*g = 121. What are the prime factors of m?
3, 41
Let u(v) = v**2 - 5*v + 9. What are the prime factors of u(6)?
3, 5
What are the prime factors of (-8)/(-3) + (-12)/18?
2
Suppose -4*y + 39 = 3*r, y + 2*r - 9 = r. What are the prime factors of (y/(-3))/(-4)*47?
47
Suppose 3*n - 3*f - 3 = 0, n + 2 = 3*f - 3. Suppose 5*c = -5*j + 35, 4 = n*j - c - 14. Suppose 24 = j*w - 36. What are the prime factors of w?
2, 3
Let j(u) = 10*u - 6. What are the prime factors of j(6)?
2, 3
Let p(r) = r**3 + 24*r**2 + 12*r + 28. What are the prime factors of p(-23)?
281
Let t(g) = -5*g + 2. What are the prime factors of t(-8)?
2, 3, 7
Suppose 5*o = -3*q + 225 - 60, 0 = o. Suppose 5*p + 1 - 16 = 0. Suppose 3*d = p*s - 2*d - q, -5*s + 4*d + 70 = 0. What are the prime factors of s?
2, 5
List the prime factors of 1*-4*(-45 - -6) - 2.
2, 7, 11
What are the prime factors of (8/(-20))/((-4)/1070)?
107
Let h be (-1 - 5)/((-3)/2). Suppose 6*z = 3*z. Suppose z = -h*g + 45 - 5. What are the prime factors of g?
2, 5
Let b(p) = p**2 - 7*p + 8. Let x be b(6). Suppose 6 + x = 4*r. Suppose -r = -0*y - y. What are the prime factors of y?
2
Suppose 5*u - 219 = -4*x, u + 3*x = -x + 31. What are the prime factors of u?
47
Let w(m) = -7*m - 27. List the prime factors of w(-12).
3, 19
Let x be 13/(-2) + 3/2. Let d = 7 + x. Suppose 0 = -4*w, -4*m + 16 + 40 = -d*w. What are the prime factors of m?
2, 7
Suppose -5 = 4*i - 125. List the prime factors of i.
2, 3, 5
Let b(m) = m**3 - 7*m**2 - 7*m - 2. Let l be b(8). Suppose 0 = -2*g + g + l. What are the prime factors of g?
2, 3
Let l be (10 - 9)*(1 + 2). Suppose -4 - 2 = -l*k. List the prime factors of k.
2
List the prime factors of 6/(-16) - 1641/(-24).
2, 17
List the prime factors 